{"id":3681,"date":"2025-10-24T13:25:11","date_gmt":"2025-10-24T13:25:11","guid":{"rendered":"https:\/\/outreach.iac.es\/peter\/?page_id=3681"},"modified":"2025-10-24T13:50:02","modified_gmt":"2025-10-24T13:50:02","slug":"leyes-del-movimiento-planetario-satelites-galileanos","status":"publish","type":"page","link":"https:\/\/outreach.iac.es\/peter\/leyes-del-movimiento-planetario-satelites-galileanos\/","title":{"rendered":"Leyes del movimiento planetario &#8211; Sat\u00e9lites Galileanos"},"content":{"rendered":"\n<p>Esta actividad forma parte de la unidad did\u00e1ctica 5, Leyes del movimiento planetario. Puedes encontrar la introducci\u00f3n y una gu\u00eda did\u00e1ctica <a href=\"https:\/\/outreach.iac.es\/peter\/leyes-del-movimiento-planetario\/\" data-type=\"page\" data-id=\"301\">aqu\u00ed<\/a>.<\/p>\n\n\n\n<p>Las leyes del movimiento planetario no solo sirven para los planetas, tambi\u00e9n son v\u00e1lidas para describir el movimiento de los sat\u00e9lites en torno al planeta al que orbitan. En esta actividad podr\u00e1s calcular las \u00f3rbitas de algunos de los sat\u00e9lites de&nbsp;<strong> J\u00fapiter <\/strong>y calcular la masa del planeta, usando im\u00e1genes reales de J\u00fapiter y sus lunas obtenidas con el Telescopio Liverpool.<strong><br><\/strong><\/p>\n\n\n\n<ul><li>Descarga la <a href=\"https:\/\/outreach.iac.es\/peter\/wp-content\/uploads\/2025\/10\/Unidad-5-Leyes-del-Movimiento_Activ2.pdf\" target=\"_blank\" rel=\"noreferrer noopener\">GU\u00cdA <\/a>de la actividad.<\/li><li>Descarga las im\u00e1genes de <a href=\"https:\/\/outreach.iac.es\/peter\/wp-content\/uploads\/2017\/04\/U5_imagenes_satelitesJupiter.zip\" target=\"_blank\" rel=\"noreferrer noopener\">SAT\u00c9LITES DE J\u00daPITER<\/a> con las que vas a trabajar.<\/li><li>Si a\u00fan no lo has hecho, descarga el programa <a href=\"?page_id=41\" target=\"_blank\" rel=\"noreferrer noopener\">(PeterSoft)<\/a> para ver y analizar las im\u00e1genes.<\/li><\/ul>\n\n\n\n<p>Recuerda que tambi\u00e9n puedes obtener tus propias im\u00e1genes de planetas en <a href=\"?page_id=56\">&#8220;Quiero Observar&#8221;<\/a> y hacer nuevas medidas e investigaciones.<\/p>\n","protected":false},"excerpt":{"rendered":"<p>Esta actividad forma parte de la unidad did\u00e1ctica 5, Leyes del movimiento planetario. Puedes encontrar la introducci\u00f3n y una gu\u00eda did\u00e1ctica aqu\u00ed. Las leyes del movimiento planetario no solo sirven para los planetas, tambi\u00e9n son v\u00e1lidas para describir el movimiento de los sat\u00e9lites en torno al planeta al que orbitan. [&hellip;]<\/p>\n","protected":false},"author":34,"featured_media":0,"parent":0,"menu_order":0,"comment_status":"closed","ping_status":"closed","template":"","meta":[],"_links":{"self":[{"href":"https:\/\/outreach.iac.es\/peter\/wp-json\/wp\/v2\/pages\/3681"}],"collection":[{"href":"https:\/\/outreach.iac.es\/peter\/wp-json\/wp\/v2\/pages"}],"about":[{"href":"https:\/\/outreach.iac.es\/peter\/wp-json\/wp\/v2\/types\/page"}],"author":[{"embeddable":true,"href":"https:\/\/outreach.iac.es\/peter\/wp-json\/wp\/v2\/users\/34"}],"replies":[{"embeddable":true,"href":"https:\/\/outreach.iac.es\/peter\/wp-json\/wp\/v2\/comments?post=3681"}],"version-history":[{"count":2,"href":"https:\/\/outreach.iac.es\/peter\/wp-json\/wp\/v2\/pages\/3681\/revisions"}],"predecessor-version":[{"id":3707,"href":"https:\/\/outreach.iac.es\/peter\/wp-json\/wp\/v2\/pages\/3681\/revisions\/3707"}],"wp:attachment":[{"href":"https:\/\/outreach.iac.es\/peter\/wp-json\/wp\/v2\/media?parent=3681"}],"curies":[{"name":"wp","href":"https:\/\/api.w.org\/{rel}","templated":true}]}}