{"id":2653,"date":"2022-11-02T18:23:10","date_gmt":"2022-11-02T18:23:10","guid":{"rendered":"https:\/\/outreach.iac.es\/peter\/?page_id=2653"},"modified":"2022-11-02T18:33:46","modified_gmt":"2022-11-02T18:33:46","slug":"investiga-el-universo-con-telescopios-roboticos-edicion-2019-2020","status":"publish","type":"page","link":"https:\/\/outreach.iac.es\/peter\/investiga-el-universo-con-telescopios-roboticos-edicion-2019-2020\/","title":{"rendered":"Investiga el Universo con telescopios rob\u00f3ticos. Edici\u00f3n 2019 &#8211; 2020"},"content":{"rendered":"\n<div class=\"wp-block-group\"><div class=\"wp-block-group__inner-container\">\n<p>La formaci\u00f3n se ha dividido en 5 sesiones de dos horas cada una, que se imparten a trav\u00e9s de la plataforma de videoconfenrencia Zoom:<\/p>\n<\/div><\/div>\n\n\n\n<h4><strong>Sesi\u00f3n 1. C\u00f3mo observar el Universo con PETeR<\/strong> <\/h4>\n\n\n\n<div class=\"wp-block-image\"><figure class=\"alignright size-large is-resized\"><img loading=\"lazy\" src=\"https:\/\/outreach.iac.es\/peter\/wp-content\/uploads\/2022\/11\/Telescopios_PETeR_high-1024x576.jpg\" alt=\"Telescopios de PETeR\" class=\"wp-image-2654\" width=\"296\" height=\"166\" srcset=\"https:\/\/outreach.iac.es\/peter\/wp-content\/uploads\/2022\/11\/Telescopios_PETeR_high-1024x576.jpg 1024w, https:\/\/outreach.iac.es\/peter\/wp-content\/uploads\/2022\/11\/Telescopios_PETeR_high-600x338.jpg 600w, https:\/\/outreach.iac.es\/peter\/wp-content\/uploads\/2022\/11\/Telescopios_PETeR_high-768x432.jpg 768w, https:\/\/outreach.iac.es\/peter\/wp-content\/uploads\/2022\/11\/Telescopios_PETeR_high-1536x864.jpg 1536w, https:\/\/outreach.iac.es\/peter\/wp-content\/uploads\/2022\/11\/Telescopios_PETeR_high.jpg 1920w\" sizes=\"(max-width: 296px) 100vw, 296px\" \/><\/figure><\/div>\n\n\n\n<ul><li><strong>Contenido:<\/strong> Los cielos de Canarias, el IAC y sus Observatorios. Qu\u00e9 es un telescopio rob\u00f3tico. Qu\u00e9 es PETeR. Telescopios rob\u00f3ticos disponibles en PETeR. C\u00f3mo solicitar observaciones a trav\u00e9s de PETeR.<\/li><li><strong>D\u00eda\/hora:<\/strong> <strong>20 de abril de 2020, <\/strong>16:30 &#8211; 18:30 hora canaria<strong> (17:30 &#8211; 19:30 CET)<\/strong><\/li><li><strong>Inscripci\u00f3n:\u00a0<\/strong><a href=\"https:\/\/forms.gle\/cakzNLQ4vTENBdz57\">https:\/\/forms.gle\/cakzNLQ4vTENBdz57<\/a><\/li><li><strong>Plazo para inscribirse:<\/strong> hasta el 19 de abril de 2020 (o hasta completar n\u00famero m\u00e1ximo de asistentes virtuales).<\/li><\/ul>\n\n\n\n<h4><strong>Sesi\u00f3n 2. Explora el Sistema Solar con PETeR <\/strong><\/h4>\n\n\n\n<div class=\"wp-block-image\"><figure class=\"alignright size-large is-resized\"><img loading=\"lazy\" src=\"https:\/\/outreach.iac.es\/peter\/wp-content\/uploads\/2019\/09\/h_e_20150317_5_2_1_1-OK-1024x680.jpg\" alt=\"Imagen de J\u00fapiter y sus lunas\" class=\"wp-image-1338\" width=\"295\" height=\"195\" srcset=\"https:\/\/outreach.iac.es\/peter\/wp-content\/uploads\/2019\/09\/h_e_20150317_5_2_1_1-OK-1024x680.jpg 1024w, https:\/\/outreach.iac.es\/peter\/wp-content\/uploads\/2019\/09\/h_e_20150317_5_2_1_1-OK-300x199.jpg 300w, https:\/\/outreach.iac.es\/peter\/wp-content\/uploads\/2019\/09\/h_e_20150317_5_2_1_1-OK-768x510.jpg 768w, https:\/\/outreach.iac.es\/peter\/wp-content\/uploads\/2019\/09\/h_e_20150317_5_2_1_1-OK-940x624.jpg 940w, https:\/\/outreach.iac.es\/peter\/wp-content\/uploads\/2019\/09\/h_e_20150317_5_2_1_1-OK.jpg 2048w\" sizes=\"(max-width: 295px) 100vw, 295px\" \/><\/figure><\/div>\n\n\n\n<ul><li><strong>Conceptos:<\/strong> planetas interiores y exteriores, leyes del movimiento planetario, asteroides y cometas. <\/li><li><strong>Habilidades:<\/strong> obtener im\u00e1genes de objetos del Sistema Solar con PETeR, trabajar con im\u00e1genes astron\u00f3micas, medir tama\u00f1os y distancias angulares en el cielo. Propuestas de proyectos de investigaci\u00f3n: fases de Venus, tama\u00f1o aparente de Marte, \u00bfmodelo helioc\u00e9ntrico o geoc\u00e9ntrico?<\/li><li><strong>D\u00eda\/hora: 27 de abril de 2020<\/strong>, 16:30 &#8211; 18:30 hora canaria<strong> (17:30 &#8211; 19:30 CET)<\/strong><\/li><li><strong>Inscripci\u00f3n:<\/strong>\u00a0<a href=\"https:\/\/forms.gle\/cJEqYzLf4yJZJufw9\">https:\/\/forms.gle\/cJEqYzLf4yJZJufw9<\/a><\/li><li><strong>Plazo para inscribirse:<\/strong> hasta el 26 de abril de 2020 (o hasta completar n\u00famero m\u00e1ximo de asistentes virtuales).<\/li><\/ul>\n\n\n\n<h4><strong>Sesi\u00f3n 3. C\u00f3mo medir el brillo de los objetos celestes <\/strong><\/h4>\n\n\n\n<div class=\"wp-block-image\"><figure class=\"alignright size-large is-resized\"><img loading=\"lazy\" src=\"https:\/\/outreach.iac.es\/peter\/wp-content\/uploads\/2022\/11\/UD3_PeterSoft_Brillo.jpg\" alt=\"Medida de brillos con PeterSoft\" class=\"wp-image-2657\" width=\"303\" height=\"193\" srcset=\"https:\/\/outreach.iac.es\/peter\/wp-content\/uploads\/2022\/11\/UD3_PeterSoft_Brillo.jpg 768w, https:\/\/outreach.iac.es\/peter\/wp-content\/uploads\/2022\/11\/UD3_PeterSoft_Brillo-600x384.jpg 600w\" sizes=\"(max-width: 303px) 100vw, 303px\" \/><\/figure><\/div>\n\n\n\n<ul><li><strong>Conceptos:<\/strong> Brillo y luminosidad, variaci\u00f3n del brillo con la distancia, algunos m\u00e9todos para medir distancias en el Universo. <\/li><li><strong>Habilidades:<\/strong> Identificar objetos en im\u00e1genes astron\u00f3micas, medir el brillo de los objetos celestes. Propuestas de proyectos de investigaci\u00f3n: variaci\u00f3n del brillo aparente de los planetas, rotaci\u00f3n de asteroides, descubrir supernovas, &#8230;<\/li><li><strong>D\u00eda\/hora:<\/strong> <strong>4 de mayo de 2020, <\/strong>16:30 &#8211; 18:30 hora canaria<strong> (17:30 &#8211; 19:30 CET)<\/strong><\/li><li><strong>Inscripci\u00f3n: <\/strong><a href=\"https:\/\/forms.gle\/jZhxxPTs63acDUL16\">https:\/\/forms.gle\/jZhxxPTs63acDUL16<\/a><\/li><li><strong>Plazo para inscribirse:<\/strong> hasta las 14:00h del 4 de mayo de 2020 (o hasta completar n\u00famero m\u00e1ximo de asistentes virtuales).<\/li><\/ul>\n\n\n\n<h4><strong>Sesi\u00f3n 4. Descubre estrellas variables con PETeR<\/strong><\/h4>\n\n\n\n<ul><li><strong>Conceptos:<\/strong> Variaci\u00f3n del brillo de los objetos celestes. Estrellas variables. <\/li><li><strong>Habilidades:<\/strong> Medir el brillo de varios objetos en muchas im\u00e1genes, crear curvas de variaci\u00f3n de brillo, analizarlas e interpretarlas. Propuesta de proyecto de Investigaci\u00f3n: Descubrir estrellas variables y caracterizarlas.<\/li><li><strong>D\u00eda\/hora:<\/strong> <strong>11 de mayo de 2020, <\/strong>16:30 &#8211; 18:30 hora canaria<strong> (17:30 &#8211; 19:30 CET)<\/strong><\/li><li><strong>Inscripci\u00f3n: <\/strong><a href=\"https:\/\/forms.gle\/QVKJU1vXEC5zs3i68\">https:\/\/forms.gle\/QVKJU1vXEC5zs3i68<\/a><\/li><li><strong>Plazo para inscribirse:<\/strong> hasta el 10 de mayo de 2020 (o hasta completar n\u00famero m\u00e1ximo de asistentes virtuales).<\/li><li><strong>Formato:<\/strong> Webinar a trav\u00e9s de la plataforma Zoom.<\/li><\/ul>\n\n\n\n<h4><strong>Sesi\u00f3n 5. Explora otros mundos con PETeR <\/strong><\/h4>\n\n\n\n<div class=\"wp-block-image\"><figure class=\"alignright size-large is-resized\"><img loading=\"lazy\" src=\"https:\/\/outreach.iac.es\/peter\/wp-content\/uploads\/2022\/11\/ultrahot_jupiter_SMM_IAC.jpg\" alt=\"\" class=\"wp-image-2658\" width=\"315\" height=\"177\" srcset=\"https:\/\/outreach.iac.es\/peter\/wp-content\/uploads\/2022\/11\/ultrahot_jupiter_SMM_IAC.jpg 768w, https:\/\/outreach.iac.es\/peter\/wp-content\/uploads\/2022\/11\/ultrahot_jupiter_SMM_IAC-600x338.jpg 600w\" sizes=\"(max-width: 315px) 100vw, 315px\" \/><\/figure><\/div>\n\n\n\n<ul><li><strong>Conceptos:<\/strong> Qu\u00e9 son los exoplanetas, cu\u00e1les son sus caracter\u00edsticas, c\u00f3mo podemos detectarlos: m\u00e9todo de los tr\u00e1nsitos. <\/li><li><strong>Habilidades: <\/strong>C\u00f3mo seleccionar candidatos a exoplaneta para observarlos con PETeR, c\u00f3mo obtener y analizar la curva de luz de un tr\u00e1nsito. Propuesta de proyecto de investigaci\u00f3n: Caracterizar un exoplaneta a trav\u00e9s de la curva de luz de su tr\u00e1nsito.<\/li><li><strong>D\u00eda\/hora:<\/strong> <strong>18 de mayo de 2020, <\/strong>16:30 &#8211; 18:30 hora canaria<strong> (17:30 &#8211; 19:30 CET)<\/strong><\/li><li><strong>Inscripci\u00f3n:\u00a0<\/strong><a href=\"https:\/\/forms.gle\/ZiC8wao1JeUxsnDP6\">https:\/\/forms.gle\/ZiC8wao1JeUxsnDP6<\/a><\/li><li><strong>Plazo para inscribirse:<\/strong> hasta el 17 de mayo de 2020 (o hasta completar n\u00famero m\u00e1ximo de asistentes virtuales).<\/li><\/ul>\n","protected":false},"excerpt":{"rendered":"<p>Sesi\u00f3n 1. C\u00f3mo observar el Universo con PETeR Contenido: Los cielos de Canarias, el IAC y sus Observatorios. Qu\u00e9 es un telescopio rob\u00f3tico. Qu\u00e9 es PETeR. Telescopios rob\u00f3ticos disponibles en PETeR. C\u00f3mo solicitar observaciones a trav\u00e9s de PETeR. D\u00eda\/hora: 20 de abril de 2020, 16:30 &#8211; 18:30 hora canaria (17:30 [&hellip;]<\/p>\n","protected":false},"author":3,"featured_media":0,"parent":0,"menu_order":0,"comment_status":"closed","ping_status":"closed","template":"","meta":[],"_links":{"self":[{"href":"https:\/\/outreach.iac.es\/peter\/wp-json\/wp\/v2\/pages\/2653"}],"collection":[{"href":"https:\/\/outreach.iac.es\/peter\/wp-json\/wp\/v2\/pages"}],"about":[{"href":"https:\/\/outreach.iac.es\/peter\/wp-json\/wp\/v2\/types\/page"}],"author":[{"embeddable":true,"href":"https:\/\/outreach.iac.es\/peter\/wp-json\/wp\/v2\/users\/3"}],"replies":[{"embeddable":true,"href":"https:\/\/outreach.iac.es\/peter\/wp-json\/wp\/v2\/comments?post=2653"}],"version-history":[{"count":2,"href":"https:\/\/outreach.iac.es\/peter\/wp-json\/wp\/v2\/pages\/2653\/revisions"}],"predecessor-version":[{"id":2661,"href":"https:\/\/outreach.iac.es\/peter\/wp-json\/wp\/v2\/pages\/2653\/revisions\/2661"}],"wp:attachment":[{"href":"https:\/\/outreach.iac.es\/peter\/wp-json\/wp\/v2\/media?parent=2653"}],"curies":[{"name":"wp","href":"https:\/\/api.w.org\/{rel}","templated":true}]}}