{"id":1563,"date":"2020-04-19T21:22:52","date_gmt":"2020-04-19T21:22:52","guid":{"rendered":"https:\/\/www.iac.es\/peter\/?page_id=1563"},"modified":"2025-01-21T17:26:32","modified_gmt":"2025-01-21T17:26:32","slug":"como-usar-quiero-observar","status":"publish","type":"page","link":"https:\/\/outreach.iac.es\/peter\/como-usar-quiero-observar\/","title":{"rendered":"C\u00f3mo usar Quiero Observar"},"content":{"rendered":"<div id=\"attachment_1579\" style=\"width: 410px\" class=\"wp-caption alignright\"><img aria-describedby=\"caption-attachment-1579\" loading=\"lazy\" class=\"wp-image-1579\" src=\"https:\/\/outreach.iac.es\/peter\/wp-content\/uploads\/2020\/04\/LT_ORM-300x198.jpg\" alt=\"Telescopio Liverpool en el ORM. Cr\u00e9dito: Liverpool Telescope\" width=\"400\" height=\"264\" srcset=\"https:\/\/outreach.iac.es\/peter\/wp-content\/uploads\/2020\/04\/LT_ORM-300x198.jpg 300w, https:\/\/outreach.iac.es\/peter\/wp-content\/uploads\/2020\/04\/LT_ORM-768x508.jpg 768w, https:\/\/outreach.iac.es\/peter\/wp-content\/uploads\/2020\/04\/LT_ORM-1024x677.jpg 1024w, https:\/\/outreach.iac.es\/peter\/wp-content\/uploads\/2020\/04\/LT_ORM-940x621.jpg 940w\" sizes=\"(max-width: 400px) 100vw, 400px\" \/><p id=\"caption-attachment-1579\" class=\"wp-caption-text\">Telescopio Liverpool en el Observatorio del Roque de los Muchachos. Cr\u00e9dito: Liverpool Telescope<\/p><\/div>\n<p>La interfaz de usuario <a href=\"?page_id=56\"><strong>Quiero Observar<\/strong><\/a> permite solicitar observaciones con el <strong>Telescopio Liverpool<\/strong> de forma directa y est\u00e1 especialmente dise\u00f1ada para que sea muy f\u00e1cil de usar. Esta interfaz te gu\u00eda a trav\u00e9s del proceso de solicitar una observaci\u00f3n y te ayuda a decidir qu\u00e9 objeto observar. Usando <strong>Quiero Observar<\/strong> no se puede causar ning\u00fan da\u00f1o al telescopio o a sus instrumentos.<\/p>\n<h3>Antes de empezar<\/h3>\n<p>Para solicitar observaciones con PETeR debes pertenecer a un centro educativo, asociaci\u00f3n o instituci\u00f3n espa\u00f1ola registrada en el proyecto. Si a\u00fan no os hab\u00e9is registrado, pod\u00e9is hacerlo <a href=\"https:\/\/outreach.iac.es\/peter\/registra-tu-centro\/\"><strong>aqu\u00ed<\/strong><\/a>.<\/p>\n<p>Cuando vuestro registro haya sido aceptado, recibir\u00e9is un nombre de usuario y contrase\u00f1a y podr\u00e9is empezar a observar el Universo con el Telescopio Liverpool.<\/p>\n<h3>Solicitar observaciones con \u2018Quiero Observar\u2019<\/h3>\n<p>\u00bfYa tienes tu usuario y contrase\u00f1a? Entonces, \u00a1ya puedes solicitar observaciones con el Telescopio Liverpool! S\u00f3lo tienes que seguir estos pasos:<\/p>\n<ol>\n<li>1. En la secci\u00f3n <strong>&#8216;Quiero Observar<\/strong>&#8216; de nuestra web, pincha en el <strong>robot-telescopio<\/strong> o en <a href=\"https:\/\/www.schoolsobservatory.org\/obs\/go\"><span style=\"color: #3366ff;\">\u00a1Explora el Universo con el telescopio Liverpool!<\/span><\/a> y el sistema te redirigir\u00e1 al sitio web de <em>The Schools&#8217; Observatory (TSO)<\/em>, que es el proyecto de la Universidad John Moores de Liverpool y\u00a0 en el que se basa PETeR. La web est\u00e1 en ingl\u00e9s, pero cuando te registres, podr\u00e1s acceder a la interfaz en espa\u00f1ol.<\/li>\n<\/ol>\n<ol>\n<li>2. Pincha en la pesta\u00f1a &#8220;<strong>Login<\/strong>&#8221; e introduce tu nombre de usuario (Username) y contrase\u00f1a (Password) en la parte superior de la web.<\/li>\n<\/ol>\n<p><img loading=\"lazy\" src=\"https:\/\/outreach.iac.es\/peter\/wp-content\/uploads\/2025\/01\/Web-TSO-1-600x117.png\" alt=\"\" width=\"600\" height=\"117\" class=\"size-medium wp-image-3251 aligncenter\" srcset=\"https:\/\/outreach.iac.es\/peter\/wp-content\/uploads\/2025\/01\/Web-TSO-1-600x117.png 600w, https:\/\/outreach.iac.es\/peter\/wp-content\/uploads\/2025\/01\/Web-TSO-1-1024x199.png 1024w, https:\/\/outreach.iac.es\/peter\/wp-content\/uploads\/2025\/01\/Web-TSO-1-768x150.png 768w, https:\/\/outreach.iac.es\/peter\/wp-content\/uploads\/2025\/01\/Web-TSO-1-1536x299.png 1536w, https:\/\/outreach.iac.es\/peter\/wp-content\/uploads\/2025\/01\/Web-TSO-1.png 1957w\" sizes=\"(max-width: 600px) 100vw, 600px\" \/><\/p>\n<ol>\n<li>3. Una vez hayas accedido como usuario de PETeR, aparecer\u00e1 en el men\u00fa principal la opci\u00f3n &#8220;<strong>Quiero Observar<\/strong>&#8220;, que te llevar\u00e1 a la parte en espa\u00f1ol de la interfaz que se comunica con el telescopio y te dar\u00e1 acceso a la petici\u00f3n de observaciones.<\/li>\n<\/ol>\n<p><img loading=\"lazy\" src=\"https:\/\/outreach.iac.es\/peter\/wp-content\/uploads\/2025\/01\/Web-TSO-2-600x117.png\" alt=\"\" width=\"600\" height=\"117\" class=\"size-medium wp-image-3252 aligncenter\" srcset=\"https:\/\/outreach.iac.es\/peter\/wp-content\/uploads\/2025\/01\/Web-TSO-2-600x117.png 600w, https:\/\/outreach.iac.es\/peter\/wp-content\/uploads\/2025\/01\/Web-TSO-2-1024x199.png 1024w, https:\/\/outreach.iac.es\/peter\/wp-content\/uploads\/2025\/01\/Web-TSO-2-768x150.png 768w, https:\/\/outreach.iac.es\/peter\/wp-content\/uploads\/2025\/01\/Web-TSO-2-1536x299.png 1536w, https:\/\/outreach.iac.es\/peter\/wp-content\/uploads\/2025\/01\/Web-TSO-2.png 1957w\" sizes=\"(max-width: 600px) 100vw, 600px\" \/><\/p>\n<ol>\n<li>4. Selecciona el tipo de objeto que quieras observar: La Luna, Planetas, Estrellas (nebulosas), Galaxias, &#8230; y el tipo de observaci\u00f3n (encontrar\u00e1s varias opciones para cada tipo de objeto) y acceder\u00e1s directamente a la petici\u00f3n del tiempo de observaci\u00f3n para los objetos seleccionados.<\/li>\n<\/ol>\n<ol>\n<li>5. Aparecer\u00e1 una lista de objetos y unas barras de color que indican cu\u00e1ndo se podr\u00e1 observar cada uno. Si quieres m\u00e1s informaci\u00f3n sobre c\u00f3mo decidir qu\u00e9 objeto observar, vete a la secci\u00f3n <strong>Selecci\u00f3n de objetos a observar <\/strong>(abajo). Cuando hayas hecho tu selecci\u00f3n, pincha sobre el nombre del objeto y llegar\u00e1s a otra p\u00e1gina donde podr\u00e1s ver las caracter\u00edsticas de la observaci\u00f3n que vas a realizar: el instrumento, el filtro, tiempo de exposici\u00f3n, etc.<\/li>\n<\/ol>\n<ol>\n<li>6. Confirma si quieres solicitar esa observaci\u00f3n. Para ello, pincha en el bot\u00f3n <strong>Enviar Observaciones<\/strong> y tu petici\u00f3n ser\u00e1 enviada directamente al telescopio. Si quieres cambiar de objeto, s\u00f3lo tienes que regresar a la p\u00e1gina anterior pinchando en la flecha<strong> \u2190<\/strong> (p\u00e1gina atr\u00e1s) de tu navegador.<\/li>\n<\/ol>\n<ol>\n<li>7. Cuando el Telescopio Liverpool haya tomado las im\u00e1genes que has solicitado, podr\u00e1s descargarlas en la secci\u00f3n <a href=\"https:\/\/www.schoolsobservatory.org\/obs\/es_status\"><strong>&#8216;Mis observaciones&#8217;<\/strong><\/a>, en el men\u00fa desplegable bajo las palabras &#8220;Quiero Observar&#8221;. Si saliste de la sesi\u00f3n, tendr\u00e1s que volver a introducir tu usuario y contrase\u00f1a pinchando en &#8220;Login&#8221; en la parte superior de la p\u00e1gina.<\/li>\n<\/ol>\n<p><img loading=\"lazy\" src=\"https:\/\/outreach.iac.es\/peter\/wp-content\/uploads\/2025\/01\/Web-TSO-3-1-600x229.png\" alt=\"\" width=\"600\" height=\"229\" class=\"size-medium wp-image-3258 aligncenter\" srcset=\"https:\/\/outreach.iac.es\/peter\/wp-content\/uploads\/2025\/01\/Web-TSO-3-1-600x229.png 600w, https:\/\/outreach.iac.es\/peter\/wp-content\/uploads\/2025\/01\/Web-TSO-3-1-1024x391.png 1024w, https:\/\/outreach.iac.es\/peter\/wp-content\/uploads\/2025\/01\/Web-TSO-3-1-768x293.png 768w, https:\/\/outreach.iac.es\/peter\/wp-content\/uploads\/2025\/01\/Web-TSO-3-1-1536x587.png 1536w, https:\/\/outreach.iac.es\/peter\/wp-content\/uploads\/2025\/01\/Web-TSO-3-1.png 1955w\" sizes=\"(max-width: 600px) 100vw, 600px\" \/><\/p>\n<p>El Telescopio Liverpool es un telescopio que funciona por colas, es decir, cuando solicitas una observaci\u00f3n, esta se incluye en un listado de observaciones y un sistema de control las env\u00eda al telescopio para que las realice. El telescopio ir\u00e1 realizando las observaciones en los d\u00edas siguientes, unas antes y otras despu\u00e9s, dependiendo de la prioridad asignada a cada observaci\u00f3n y de las condiciones necesarias para su realizaci\u00f3n.<\/p>\n<p>No podemos garantizar que todas las observaciones particulares se lleven a cabo. <strong>A las primeras observaciones solicitadas por cada centro educativo en un curso se les asigna \u201cprioridad alta&#8221;<\/strong> y, por tanto, tienen muchas opciones de ser realizadas r\u00e1pidamente. Las observaciones adicionales ser\u00e1n programadas con menor prioridad, por lo que el tiempo que habr\u00e1 que esperar para que se realicen probablemente aumentar\u00e1 y tambi\u00e9n aumentar\u00e1 la probabilidad de que las observaciones no puedan realizarse. Por lo tanto, es importante que elijas cuidadosamente tus primeras observaciones.<\/p>\n<h3><\/h3>\n<h3>Selecci\u00f3n de objetos a observar<\/h3>\n<p>Una de las partes m\u00e1s importantes de <strong><em>Quiero Observar<\/em><\/strong> es la selecci\u00f3n de los objetos correctos. Adem\u00e1s de seleccionar el <strong><em>tipo<\/em><\/strong> de objeto, tambi\u00e9n debes saber cu\u00e1ndo puede ser observado.<\/p>\n<p>Esta p\u00e1gina te ayudar\u00e1 a tomar la decisi\u00f3n correcta.<\/p>\n<p>La parte principal de la p\u00e1gina mostrar\u00e1 &#8220;barras&#8221; y nombres, como las de abajo.<\/p>\n<table width=\"103%\">\n<tbody>\n<tr>\n<td width=\"99%\"><strong>Barras de tiempo<\/strong><\/p>\n<p><img loading=\"lazy\" class=\"alignleft wp-image-816\" src=\"https:\/\/outreach.iac.es\/peter\/wp-content\/uploads\/2016\/10\/Barras_tiempo-300x48.jpg\" alt=\"Barras tiempo\" width=\"450\" height=\"72\" srcset=\"https:\/\/outreach.iac.es\/peter\/wp-content\/uploads\/2016\/10\/Barras_tiempo-300x48.jpg 300w, https:\/\/outreach.iac.es\/peter\/wp-content\/uploads\/2016\/10\/Barras_tiempo.jpg 478w\" sizes=\"(max-width: 450px) 100vw, 450px\" \/><\/p>\n<p>Las barras de tiempo muestran las fechas y horas que est\u00e1s explorando. Aqu\u00ed van de octubre de 2010 a septiembre de 2011.<\/td>\n<\/tr>\n<\/tbody>\n<\/table>\n<table>\n<tbody>\n<tr>\n<td width=\"100%\"><strong>Gu\u00eda para las barras de visibilidad<\/strong><\/p>\n<p><img loading=\"lazy\" class=\"alignleft wp-image-817\" src=\"https:\/\/outreach.iac.es\/peter\/wp-content\/uploads\/2016\/10\/Barras_visibilidad-300x50.png\" alt=\"Barras visibilidad\" width=\"470\" height=\"78\" srcset=\"https:\/\/outreach.iac.es\/peter\/wp-content\/uploads\/2016\/10\/Barras_visibilidad-300x50.png 300w, https:\/\/outreach.iac.es\/peter\/wp-content\/uploads\/2016\/10\/Barras_visibilidad.png 360w\" sizes=\"(max-width: 470px) 100vw, 470px\" \/>Como ver\u00e1s a continuaci\u00f3n, cada objeto tiene una barra de color que te dice cu\u00e1ndo lo puedes observar y cu\u00e1ndo no. Esta barra muestra qu\u00e9 colores debes buscar. El rojo indica una alta probabilidad de observaci\u00f3n, verde est\u00e1 bien y azul indica que es muy dif\u00edcil observar el objeto en esas fechas.<\/td>\n<\/tr>\n<\/tbody>\n<\/table>\n<table>\n<tbody>\n<tr>\n<td width=\"100%\"><strong>Los objetos y las barras de visibilidad<\/strong><\/p>\n<p><img loading=\"lazy\" class=\"alignleft wp-image-819\" src=\"https:\/\/outreach.iac.es\/peter\/wp-content\/uploads\/2016\/10\/Lista_objetos2-300x47.jpg\" alt=\"Objetos y barras de visibilidad\" width=\"750\" height=\"118\" srcset=\"https:\/\/outreach.iac.es\/peter\/wp-content\/uploads\/2016\/10\/Lista_objetos2-300x47.jpg 300w, https:\/\/outreach.iac.es\/peter\/wp-content\/uploads\/2016\/10\/Lista_objetos2-768x120.jpg 768w, https:\/\/outreach.iac.es\/peter\/wp-content\/uploads\/2016\/10\/Lista_objetos2-1024x161.jpg 1024w, https:\/\/outreach.iac.es\/peter\/wp-content\/uploads\/2016\/10\/Lista_objetos2.jpg 1110w\" sizes=\"(max-width: 750px) 100vw, 750px\" \/><\/p>\n<p>Muestra la lista de objetos que puedes observar en esa secci\u00f3n. En este ejemplo, se muestran cuatro de los planetas del Sistema Solar. Mirando las barras de visibilidad vemos que:<\/p>\n<ul>\n<li style=\"list-style-type: none;\">\n<ul>\n<li>Saturno se ver\u00e1 bien al principio del per\u00edodo, y despu\u00e9s dejar\u00e1 de verse.<\/li>\n<li>Venus solo se ver\u00e1 al final del per\u00edodo.<\/li>\n<li>Neptuno no se ve al principio, pero podr\u00e1 verse bien a la mitad del per\u00edodo.<\/li>\n<li>Mercurio no se puede observar en estas fechas.<\/li>\n<\/ul>\n<\/li>\n<\/ul>\n<\/td>\n<\/tr>\n<\/tbody>\n<\/table>\n<table width=\"100%\">\n<tbody>\n<tr>\n<td width=\"99%\"><strong>Fecha de observaci\u00f3n<\/strong><\/p>\n<p>Si quieres cambiar la fecha de observaci\u00f3n, pincha en \u2018Puedes probar con otra fecha\u2019. Esto puede ser una buena idea si no hay ning\u00fan objeto en la lista que quieras observar, o si quieres elegir un mayor o menor per\u00edodo de tiempo para observar.<\/td>\n<\/tr>\n<\/tbody>\n<\/table>\n","protected":false},"excerpt":{"rendered":"<p>La interfaz de usuario Quiero Observar permite solicitar observaciones con el Telescopio Liverpool de forma directa y est\u00e1 especialmente dise\u00f1ada para que sea muy f\u00e1cil de usar. Esta interfaz te gu\u00eda a trav\u00e9s del proceso de solicitar una observaci\u00f3n y te ayuda a decidir qu\u00e9 objeto observar. Usando Quiero Observar [&hellip;]<\/p>\n","protected":false},"author":3,"featured_media":0,"parent":0,"menu_order":0,"comment_status":"closed","ping_status":"closed","template":"","meta":[],"_links":{"self":[{"href":"https:\/\/outreach.iac.es\/peter\/wp-json\/wp\/v2\/pages\/1563"}],"collection":[{"href":"https:\/\/outreach.iac.es\/peter\/wp-json\/wp\/v2\/pages"}],"about":[{"href":"https:\/\/outreach.iac.es\/peter\/wp-json\/wp\/v2\/types\/page"}],"author":[{"embeddable":true,"href":"https:\/\/outreach.iac.es\/peter\/wp-json\/wp\/v2\/users\/3"}],"replies":[{"embeddable":true,"href":"https:\/\/outreach.iac.es\/peter\/wp-json\/wp\/v2\/comments?post=1563"}],"version-history":[{"count":22,"href":"https:\/\/outreach.iac.es\/peter\/wp-json\/wp\/v2\/pages\/1563\/revisions"}],"predecessor-version":[{"id":3260,"href":"https:\/\/outreach.iac.es\/peter\/wp-json\/wp\/v2\/pages\/1563\/revisions\/3260"}],"wp:attachment":[{"href":"https:\/\/outreach.iac.es\/peter\/wp-json\/wp\/v2\/media?parent=1563"}],"curies":[{"name":"wp","href":"https:\/\/api.w.org\/{rel}","templated":true}]}}