{"id":1330,"date":"2019-09-22T22:41:35","date_gmt":"2019-09-22T22:41:35","guid":{"rendered":"https:\/\/fausto.ll.iac.es\/peter\/?page_id=1330"},"modified":"2024-10-29T15:54:11","modified_gmt":"2024-10-29T15:54:11","slug":"telescopios-de-peter","status":"publish","type":"page","link":"https:\/\/outreach.iac.es\/peter\/telescopios-de-peter\/","title":{"rendered":"Telescopios de PETeR"},"content":{"rendered":"\n<p>Con PETeR podr\u00e1s hacer tus propias observaciones del Universo usando los siguientes telescopios rob\u00f3ticos:<\/p>\n\n\n\n<div style=\"height:50px\" aria-hidden=\"true\" class=\"wp-block-spacer\"><\/div>\n\n\n\n<h3><img loading=\"lazy\" class=\"alignleft wp-image-1013\" src=\"https:\/\/outreach.iac.es\/peter\/wp-content\/uploads\/revslider\/slider-ini\/liverpool-dlopez_LT_faceb-slide-3-300x200.jpg\" alt=\"\" width=\"260\" height=\"173\" srcset=\"https:\/\/outreach.iac.es\/peter\/wp-content\/uploads\/revslider\/slider-ini\/liverpool-dlopez_LT_faceb-slide-3-300x200.jpg 300w, https:\/\/outreach.iac.es\/peter\/wp-content\/uploads\/revslider\/slider-ini\/liverpool-dlopez_LT_faceb-slide-3-768x512.jpg 768w, https:\/\/outreach.iac.es\/peter\/wp-content\/uploads\/revslider\/slider-ini\/liverpool-dlopez_LT_faceb-slide-3-940x627.jpg 940w, https:\/\/outreach.iac.es\/peter\/wp-content\/uploads\/revslider\/slider-ini\/liverpool-dlopez_LT_faceb-slide-3.jpg 960w\" sizes=\"(max-width: 260px) 100vw, 260px\" \/><a href=\"..\/telescopios\/el-telescopio-liverpool\/\">Telescopio Liverpool<\/a><\/h3>\n\n\n\n<p>El gigante de PETeR, un telescopio con espejo colector de 2 metros de di\u00e1metro instalado en el Observatorio del Roque de los Muchachos, en la isla de La Palma.<\/p>\n\n\n\n<div style=\"height:50px\" aria-hidden=\"true\" class=\"wp-block-spacer\"><\/div>\n\n\n\n<h3><a href=\"http:\/\/observatorio-las-cumbres\/\"><img loading=\"lazy\" class=\"wp-image-1221 alignleft\" src=\"https:\/\/outreach.iac.es\/peter\/wp-content\/uploads\/2019\/08\/LCO_OT_Daniel_Lopez_web-300x200.jpg\" alt=\"\" width=\"260\" height=\"173\" srcset=\"https:\/\/outreach.iac.es\/peter\/wp-content\/uploads\/2019\/08\/LCO_OT_Daniel_Lopez_web-300x200.jpg 300w, https:\/\/outreach.iac.es\/peter\/wp-content\/uploads\/2019\/08\/LCO_OT_Daniel_Lopez_web-768x512.jpg 768w, https:\/\/outreach.iac.es\/peter\/wp-content\/uploads\/2019\/08\/LCO_OT_Daniel_Lopez_web-1024x682.jpg 1024w, https:\/\/outreach.iac.es\/peter\/wp-content\/uploads\/2019\/08\/LCO_OT_Daniel_Lopez_web-375x250.jpg 375w, https:\/\/outreach.iac.es\/peter\/wp-content\/uploads\/2019\/08\/LCO_OT_Daniel_Lopez_web-940x626.jpg 940w, https:\/\/outreach.iac.es\/peter\/wp-content\/uploads\/2019\/08\/LCO_OT_Daniel_Lopez_web.jpg 1067w\" sizes=\"(max-width: 260px) 100vw, 260px\" \/><\/a><a href=\"..\/telescopios\/observatorio-las-cumbres\/\">Observatorio Las Cumbres<\/a><\/h3>\n\n\n\n<p>Una red de telescopios repartida por todo el planeta. Los usuarios de PETeR pueden hacer sus observaciones con los telescopios de 40 cm, situados en los dos hemisferios terrestres.<\/p>\n\n\n\n<div style=\"height:50px\" aria-hidden=\"true\" class=\"wp-block-spacer\"><\/div>\n\n\n\n<h3><img loading=\"lazy\" width=\"260\" height=\"173\" class=\"alignleft wp-image-1013\" src=\"https:\/\/outreach.iac.es\/peter\/wp-content\/uploads\/2024\/10\/SARA_Kitt_Peak_Telescope_at_Sunset.jpg\" alt=\"\"><a href=\"https:\/\/outreach.iac.es\/peter\/telescopio-sara-kitt-peak\/\">Telescopio SARA Kitt-Peak<\/a><\/h3>\n\n\n\n<p>Un telescopio situado en el observatorio de Kitt-Peak, en Arizona. Aprovechando la diferencia horaria, podemos observar en remoto en horario escolar. Las observaciones se realizan a trav\u00e9s de las educadoras de PETeR, que se conectan por videoconferencia con el centro educativo.<\/p>\n\n\n\n<div style=\"height:11px\" aria-hidden=\"true\" class=\"wp-block-spacer\"><\/div>\n\n\n\n<div style=\"height:100px\" aria-hidden=\"true\" class=\"wp-block-spacer\"><\/div>\n","protected":false},"excerpt":{"rendered":"<p>Con PETeR podr\u00e1s hacer tus propias observaciones del Universo usando los siguientes telescopios rob\u00f3ticos: Telescopio Liverpool El gigante de PETeR, un telescopio con espejo colector de 2 metros de di\u00e1metro instalado en el Observatorio del Roque de los Muchachos, en la isla de La Palma. Observatorio Las Cumbres Una red [&hellip;]<\/p>\n","protected":false},"author":3,"featured_media":0,"parent":0,"menu_order":0,"comment_status":"closed","ping_status":"closed","template":"","meta":[],"_links":{"self":[{"href":"https:\/\/outreach.iac.es\/peter\/wp-json\/wp\/v2\/pages\/1330"}],"collection":[{"href":"https:\/\/outreach.iac.es\/peter\/wp-json\/wp\/v2\/pages"}],"about":[{"href":"https:\/\/outreach.iac.es\/peter\/wp-json\/wp\/v2\/types\/page"}],"author":[{"embeddable":true,"href":"https:\/\/outreach.iac.es\/peter\/wp-json\/wp\/v2\/users\/3"}],"replies":[{"embeddable":true,"href":"https:\/\/outreach.iac.es\/peter\/wp-json\/wp\/v2\/comments?post=1330"}],"version-history":[{"count":30,"href":"https:\/\/outreach.iac.es\/peter\/wp-json\/wp\/v2\/pages\/1330\/revisions"}],"predecessor-version":[{"id":3136,"href":"https:\/\/outreach.iac.es\/peter\/wp-json\/wp\/v2\/pages\/1330\/revisions\/3136"}],"wp:attachment":[{"href":"https:\/\/outreach.iac.es\/peter\/wp-json\/wp\/v2\/media?parent=1330"}],"curies":[{"name":"wp","href":"https:\/\/api.w.org\/{rel}","templated":true}]}}