{"id":1236,"date":"2019-08-28T12:34:32","date_gmt":"2019-08-28T12:34:32","guid":{"rendered":"https:\/\/fausto.ll.iac.es\/peter\/?page_id=1236"},"modified":"2025-06-10T16:34:31","modified_gmt":"2025-06-10T16:34:31","slug":"astronomy-adventures-in-the-canary-islands","status":"publish","type":"page","link":"https:\/\/outreach.iac.es\/peter\/astronomy-adventures-in-the-canary-islands\/","title":{"rendered":"Astronomy Education Adventures in the Canary Islands"},"content":{"rendered":"<p><img loading=\"lazy\" class=\"alignnone wp-image-1229 size-full\" src=\"https:\/\/outreach.iac.es\/peter\/wp-content\/uploads\/2019\/08\/Puesta-de-Sol.jpg\" alt=\"Visita formativa al OT en el AACI 2017. Cr\u00e9ditos: Elena Mora (IAC)\" width=\"5479\" height=\"2000\" srcset=\"https:\/\/outreach.iac.es\/peter\/wp-content\/uploads\/2019\/08\/Puesta-de-Sol.jpg 5479w, https:\/\/outreach.iac.es\/peter\/wp-content\/uploads\/2019\/08\/Puesta-de-Sol-300x110.jpg 300w, https:\/\/outreach.iac.es\/peter\/wp-content\/uploads\/2019\/08\/Puesta-de-Sol-768x280.jpg 768w, https:\/\/outreach.iac.es\/peter\/wp-content\/uploads\/2019\/08\/Puesta-de-Sol-1024x374.jpg 1024w, https:\/\/outreach.iac.es\/peter\/wp-content\/uploads\/2019\/08\/Puesta-de-Sol-940x343.jpg 940w\" sizes=\"(max-width: 5479px) 100vw, 5479px\" \/><\/p>\n<p>Desde 2015, organizamos la <strong>Escuela Internacional de Verano<\/strong> &#8220;<em><strong>Astronomy Education Adventure in the Canary Islands&#8221;<\/strong><\/em><strong> (AEACI) <\/strong>destinada a profesorado de ense\u00f1anzas preuniversitarias y educadores no formales, que incluye conferencias y talleres pr\u00e1cticos sobre Astronom\u00eda y Astrof\u00edsica, aprendizaje activo basado en la investigaci\u00f3n, enfoque interdisciplinar, recursos educativos y laboratorios en l\u00ednea y el uso de telescopios rob\u00f3ticos en las aulas. El programa contiene tambi\u00e9n visitas formativas a los Observatorios de Canarias. Esta formaci\u00f3n tiene como objetivo dotar al profesorado de conocimientos y herramientas \u00fatiles para desarrollar una educaci\u00f3n cient\u00edfico-t\u00e9cnica m\u00e1s pr\u00e1ctica, participativa, imaginativa y, sobre todo, m\u00e1s estimulante para sus estudiantes.<\/p>\n<p>La escuela se organiza en el marco del <a href=\"http:\/\/outreach.iac.es\/peter\">Proyecto Educativo con Telescopios Rob\u00f3ticos (PETeR)<\/a> del IAC y de otros proyectos que tienen como fin la educaci\u00f3n de la ciencia a trav\u00e9s de la Astronom\u00eda: el <a href=\"http:\/\/galileoteachers.org\/\"><em>Galileo Teacher Training Program<\/em><\/a>, <a href=\"https:\/\/www.faulkes-telescope.com\/\"><em>Faulkes Telescope Project<\/em><\/a> (Cardiff University; Reino Unido), <a href=\"https:\/\/www.schoolsobservatory.org\/\"><em>National Schools\u2019 Observatory<\/em><\/a> (LJMU; Reino Unido) y la <a href=\"http:\/\/cesar.esa.int\/\">iniciativa educativa CESAR<\/a> (ESA; Espa\u00f1a), en colaboraci\u00f3n con estos proyectos e instituciones y tambi\u00e9n con el <a href=\"https:\/\/nuclio.org\/\"><em>N\u00facleo Interactivo de Astronomia<\/em><\/a> (Portugal).<\/p>\n<p>Est\u00e1 abierta tanto a la comunidad educativa espa\u00f1ola como a docentes de otros pa\u00edses. Esto confiere a la escuela un car\u00e1cter internacional y ofrece a los participantes una excelente oportunidad para establecer v\u00ednculos y colaboraciones con centros educativos de diferentes pa\u00edses.<\/p>\n<hr \/>\n<h3>Edici\u00f3n 2026:<\/h3>\n<p>A partir de 2024 esta formaci\u00f3n tendr\u00e1 una frecuencia bienal, pero no desesperen, volvemos en 2026.<\/p>\n<h3>Ediciones anteriores:<\/h3>\n<p><a href=\"_wp_link_placeholder\" data-wplink-edit=\"true\">AEACI 2024<\/a><\/p>\n<p><a href=\"https:\/\/outreach.iac.es\/peter\/aeaci-2023\/\">AEACI 2023<\/a><\/p>\n<p><a href=\"https:\/\/outreach.iac.es\/peter\/aeaci-2022\/\">AEACI 2022<\/a><\/p>\n<p><a href=\"https:\/\/outreach.iac.es\/peter\/aeaci-2021\/\">AEACI 2021<\/a><\/p>\n<p><a href=\"https:\/\/outreach.iac.es\/peter\/aaci2020\/\">AEACI 2020<\/a><\/p>\n<p><a href=\"..\/astronomy-adventures-in-the-canary-islands\/aaci-2019\/\">AACI 2019<\/a><\/p>\n<p><a href=\"..\/astronomy-adventures-in-the-canary-islands\/aaci-2018\/\">AACI2018<\/a><\/p>\n<p><a href=\"https:\/\/www.iac.es\/es\/divulgacion\/noticias\/iii-curso-internacional-de-verano-astronomy-adventure-canary-islands-destinado-profesorado-no\">AACI2017<\/a><\/p>\n<p><a href=\"https:\/\/www.iac.es\/es\/divulgacion\/noticias\/abierta-la-matricula-para-el-ii-curso-internacional-de-verano-astronomy-adventure-canary-islands\">AACI2016<\/a><\/p>\n<p><a href=\"http:\/\/www.iac.es\/severoochoa\/severoochoa2011-2015\/index.php\/es\/astronomy-adventure-2015\">AACI2015<\/a><\/p>\n","protected":false},"excerpt":{"rendered":"<p>Desde 2015, organizamos la Escuela Internacional de Verano &#8220;Astronomy Education Adventure in the Canary Islands&#8221; (AEACI) destinada a profesorado de ense\u00f1anzas preuniversitarias y educadores no formales, que incluye conferencias y talleres pr\u00e1cticos sobre Astronom\u00eda y Astrof\u00edsica, aprendizaje activo basado en la investigaci\u00f3n, enfoque interdisciplinar, recursos educativos y laboratorios en l\u00ednea [&hellip;]<\/p>\n","protected":false},"author":3,"featured_media":0,"parent":0,"menu_order":0,"comment_status":"closed","ping_status":"closed","template":"","meta":[],"_links":{"self":[{"href":"https:\/\/outreach.iac.es\/peter\/wp-json\/wp\/v2\/pages\/1236"}],"collection":[{"href":"https:\/\/outreach.iac.es\/peter\/wp-json\/wp\/v2\/pages"}],"about":[{"href":"https:\/\/outreach.iac.es\/peter\/wp-json\/wp\/v2\/types\/page"}],"author":[{"embeddable":true,"href":"https:\/\/outreach.iac.es\/peter\/wp-json\/wp\/v2\/users\/3"}],"replies":[{"embeddable":true,"href":"https:\/\/outreach.iac.es\/peter\/wp-json\/wp\/v2\/comments?post=1236"}],"version-history":[{"count":16,"href":"https:\/\/outreach.iac.es\/peter\/wp-json\/wp\/v2\/pages\/1236\/revisions"}],"predecessor-version":[{"id":3508,"href":"https:\/\/outreach.iac.es\/peter\/wp-json\/wp\/v2\/pages\/1236\/revisions\/3508"}],"wp:attachment":[{"href":"https:\/\/outreach.iac.es\/peter\/wp-json\/wp\/v2\/media?parent=1236"}],"curies":[{"name":"wp","href":"https:\/\/api.w.org\/{rel}","templated":true}]}}

<p><img loading="lazy" class="alignnone wp-image-1229 size-full" src="https://outreach.iac.es/peter/wp-content/uploads/2019/08/Puesta-de-Sol.jpg" alt="Visita formativa al OT en el AACI 2017. Créditos: Elena Mora (IAC)" width="5479" height="2000" srcset="https://outreach.iac.es/peter/wp-content/uploads/2019/08/Puesta-de-Sol.jpg 5479w, https://outreach.iac.es/peter/wp-content/uploads/2019/08/Puesta-de-Sol-300x110.jpg 300w, https://outreach.iac.es/peter/wp-content/uploads/2019/08/Puesta-de-Sol-768x280.jpg 768w, https://outreach.iac.es/peter/wp-content/uploads/2019/08/Puesta-de-Sol-1024x374.jpg 1024w, https://outreach.iac.es/peter/wp-content/uploads/2019/08/Puesta-de-Sol-940x343.jpg 940w" sizes="(max-width: 5479px) 100vw, 5479px" /></p>
<p>Desde 2015, organizamos la <strong>Escuela Internacional de Verano</strong> &#8220;<em><strong>Astronomy Education Adventure in the Canary Islands&#8221;</strong></em><strong> (AEACI) </strong>destinada a profesorado de enseñanzas preuniversitarias y educadores no formales, que incluye conferencias y talleres prácticos sobre Astronomía y Astrofísica, aprendizaje activo basado en la investigación, enfoque interdisciplinar, recursos educativos y laboratorios en línea y el uso de telescopios robóticos en las aulas. El programa contiene también visitas formativas a los Observatorios de Canarias. Esta formación tiene como objetivo dotar al profesorado de conocimientos y herramientas útiles para desarrollar una educación científico-técnica más práctica, participativa, imaginativa y, sobre todo, más estimulante para sus estudiantes.</p>
<p>La escuela se organiza en el marco del <a href="http://outreach.iac.es/peter">Proyecto Educativo con Telescopios Robóticos (PETeR)</a> del IAC y de otros proyectos que tienen como fin la educación de la ciencia a través de la Astronomía: el <a href="http://galileoteachers.org/"><em>Galileo Teacher Training Program</em></a>, <a href="https://www.faulkes-telescope.com/"><em>Faulkes Telescope Project</em></a> (Cardiff University; Reino Unido), <a href="https://www.schoolsobservatory.org/"><em>National Schools’ Observatory</em></a> (LJMU; Reino Unido) y la <a href="http://cesar.esa.int/">iniciativa educativa CESAR</a> (ESA; España), en colaboración con estos proyectos e instituciones y también con el <a href="https://nuclio.org/"><em>Núcleo Interactivo de Astronomia</em></a> (Portugal).</p>
<p>Está abierta tanto a la comunidad educativa española como a docentes de otros países. Esto confiere a la escuela un carácter internacional y ofrece a los participantes una excelente oportunidad para establecer vínculos y colaboraciones con centros educativos de diferentes países.</p>
<hr />
<h3>Edición 2026:</h3>
<p>A partir de 2024 esta formación tendrá una frecuencia bienal, pero no desesperen, volvemos en 2026.</p>
<h3>Ediciones anteriores:</h3>
<p><a href="_wp_link_placeholder" data-wplink-edit="true">AEACI 2024</a></p>
<p><a href="https://outreach.iac.es/peter/aeaci-2023/">AEACI 2023</a></p>
<p><a href="https://outreach.iac.es/peter/aeaci-2022/">AEACI 2022</a></p>
<p><a href="https://outreach.iac.es/peter/aeaci-2021/">AEACI 2021</a></p>
<p><a href="https://outreach.iac.es/peter/aaci2020/">AEACI 2020</a></p>
<p><a href="../astronomy-adventures-in-the-canary-islands/aaci-2019/">AACI 2019</a></p>
<p><a href="../astronomy-adventures-in-the-canary-islands/aaci-2018/">AACI2018</a></p>
<p><a href="https://www.iac.es/es/divulgacion/noticias/iii-curso-internacional-de-verano-astronomy-adventure-canary-islands-destinado-profesorado-no">AACI2017</a></p>
<p><a href="https://www.iac.es/es/divulgacion/noticias/abierta-la-matricula-para-el-ii-curso-internacional-de-verano-astronomy-adventure-canary-islands">AACI2016</a></p>
<p><a href="http://www.iac.es/severoochoa/severoochoa2011-2015/index.php/es/astronomy-adventure-2015">AACI2015</a></p>

<p>Desde 2015, organizamos la Escuela Internacional de Verano &#8220;Astronomy Education Adventure in the Canary Islands&#8221; (AEACI) destinada a profesorado de enseñanzas preuniversitarias y educadores no formales, que incluye conferencias y talleres prácticos sobre Astronomía y Astrofísica, aprendizaje activo basado en la investigación, enfoque interdisciplinar, recursos educativos y laboratorios en línea [&hellip;]</p>
