{"id":1106,"date":"2018-09-08T10:55:29","date_gmt":"2018-09-08T10:55:29","guid":{"rendered":"https:\/\/fausto.ll.iac.es\/peter\/?page_id=1106"},"modified":"2020-11-24T20:37:28","modified_gmt":"2020-11-24T20:37:28","slug":"como-participar","status":"publish","type":"page","link":"https:\/\/outreach.iac.es\/peter\/como-participar\/","title":{"rendered":"C\u00f3mo participar"},"content":{"rendered":"<p>Los centros educativos y las asociaciones astron\u00f3micas de Espa\u00f1a tienen acceso a todas las herramientas y telescopios de PETeR.<\/p>\n<h3>\u00bfEmpezamos?<\/h3>\n<table border=\"1\" cellspacing=\"0\" cellpadding=\"0\">\n<tbody>\n<tr>\n<td valign=\"top\"><a href=\"..\/registra-tu-centro\/\">Reg\u00edstrate<\/a><\/td>\n<td valign=\"top\">La inscripci\u00f3n se realiza en 5 minutos y es gratuita para los centros educativos y asociaciones espa\u00f1olas<\/td>\n<\/tr>\n<tr>\n<td valign=\"top\"><a href=\"..\/observar-el-universo-con-peter\/\">Primeros pasos<\/a><\/td>\n<td valign=\"top\">C\u00f3mo usar PETeR<\/td>\n<\/tr>\n<\/tbody>\n<\/table>\n<p>PETeR ofrece adem\u00e1s recursos did\u00e1cticos que pueden ser usados por educadores y divulgadores de cualquier lugar del mundo sin necesidad de registrarse en el proyecto:<\/p>\n<ul>\n<li style=\"list-style-type: none;\">\n<ul>\n<li>En la secci\u00f3n <a href=\"..\/actividades\/\">ACTIVIDADES<\/a> encontrar\u00e1s un conjunto de Unidades Did\u00e1cticas sobre diferentes temas de Astronom\u00eda relacionadas con el curr\u00edculum de primaria y secundaria, junto con im\u00e1genes obtenidas con los telescopios de PETeR para que puedas realizar las actividades que te proponemos.<\/li>\n<li>En <a href=\"..\/archivo-de-observaciones\/\">ARCHIVO DE OBSERVACIONES<\/a> podr\u00e1s buscar im\u00e1genes de archivo de los objetos que te interesen y hacer tus investigaciones cient\u00edficas con ellas.<\/li>\n<li>En la secci\u00f3n <a href=\"..\/software\/\">SOFTWARE<\/a> podr\u00e1s descargar el programa PeterSoft para visualizar y trabajar con las im\u00e1genes astron\u00f3micas.<\/li>\n<\/ul>\n<\/li>\n<\/ul>\n<p>&nbsp;<\/p>\n","protected":false},"excerpt":{"rendered":"<p>Los centros educativos y las asociaciones astron\u00f3micas de Espa\u00f1a tienen acceso a todas las herramientas y telescopios de PETeR. \u00bfEmpezamos? Reg\u00edstrate La inscripci\u00f3n se realiza en 5 minutos y es gratuita para los centros educativos y asociaciones espa\u00f1olas Primeros pasos C\u00f3mo usar PETeR PETeR ofrece adem\u00e1s recursos did\u00e1cticos que pueden [&hellip;]<\/p>\n","protected":false},"author":1,"featured_media":0,"parent":0,"menu_order":0,"comment_status":"closed","ping_status":"closed","template":"","meta":[],"_links":{"self":[{"href":"https:\/\/outreach.iac.es\/peter\/wp-json\/wp\/v2\/pages\/1106"}],"collection":[{"href":"https:\/\/outreach.iac.es\/peter\/wp-json\/wp\/v2\/pages"}],"about":[{"href":"https:\/\/outreach.iac.es\/peter\/wp-json\/wp\/v2\/types\/page"}],"author":[{"embeddable":true,"href":"https:\/\/outreach.iac.es\/peter\/wp-json\/wp\/v2\/users\/1"}],"replies":[{"embeddable":true,"href":"https:\/\/outreach.iac.es\/peter\/wp-json\/wp\/v2\/comments?post=1106"}],"version-history":[{"count":7,"href":"https:\/\/outreach.iac.es\/peter\/wp-json\/wp\/v2\/pages\/1106\/revisions"}],"predecessor-version":[{"id":1483,"href":"https:\/\/outreach.iac.es\/peter\/wp-json\/wp\/v2\/pages\/1106\/revisions\/1483"}],"wp:attachment":[{"href":"https:\/\/outreach.iac.es\/peter\/wp-json\/wp\/v2\/media?parent=1106"}],"curies":[{"name":"wp","href":"https:\/\/api.w.org\/{rel}","templated":true}]}}