{"id":1071,"date":"2018-07-21T12:39:22","date_gmt":"2018-07-21T12:39:22","guid":{"rendered":"https:\/\/fausto.ll.iac.es\/peter\/?page_id=1071"},"modified":"2021-07-01T18:37:06","modified_gmt":"2021-07-01T18:37:06","slug":"imagenes-astronomicas","status":"publish","type":"page","link":"https:\/\/outreach.iac.es\/peter\/imagenes-astronomicas\/","title":{"rendered":"Im\u00e1genes astron\u00f3micas"},"content":{"rendered":"<p>Puedes subir tus im\u00e1genes obtenidas con los telescopios de PETeR <a href=\"https:\/\/outreach.iac.es\/peter\/subir-tus-imagenes\/\">aqu\u00ed<\/a>.<\/p>\n<p><span><div id=\"ip-boxes\" class=\"ip-box-container ip-box-container-default\"><div class=\"ip_box ip_box_2480\">\r\n        <a href=\"https:\/\/outreach.iac.es\/peter\/wp-content\/uploads\/2022\/06\/Dumbbell_name.jpg\" data-taxonomy=\"Im\u00e1genes Astron\u00f3micas\" data-src=\"https:\/\/outreach.iac.es\/peter\/wp-content\/uploads\/2022\/06\/Dumbbell_name-250x250.jpg\" title=\"Nebulosa planetaria M27 (Dumbbell)\" class=\"ip-anchor\"><img src=\"https:\/\/outreach.iac.es\/peter\/wp-content\/uploads\/2022\/06\/Dumbbell_name-250x250.jpg\" alt=\"Nebulosa planetaria M27 (Dumbbell)\"><\/a>\r\n        <div class=\"ip_box_top\"><span class=\"imagetitle\">Nebulosa planetaria M27 (Dumbbell)<\/span><span class=\"name\"><a href=\"https:\/\/outreach.iac.es\/peter\/autor\/?profile=manuel\">manuel<\/a><\/span><\/div>\r\n        <div class=\"ip_box_bottom\"><\/div>\r\n    <\/div><div class=\"ip_box ip_box_2239\">\r\n        <a href=\"https:\/\/outreach.iac.es\/peter\/wp-content\/uploads\/2021\/01\/Saturno-Planeta.jpg\" data-taxonomy=\"Im\u00e1genes Astron\u00f3micas\" data-src=\"https:\/\/outreach.iac.es\/peter\/wp-content\/uploads\/2021\/01\/Saturno-Planeta-250x250.jpg\" title=\"Saturno. Telescopio Liverpool. Exp 1s. Filtro V+NDI_V 7\/06\/2020\" class=\"ip-anchor\"><img src=\"https:\/\/outreach.iac.es\/peter\/wp-content\/uploads\/2021\/01\/Saturno-Planeta-250x250.jpg\" alt=\"Saturno. Telescopio Liverpool. Exp 1s. Filtro V+NDI_V 7\/06\/2020\"><\/a>\r\n        <div class=\"ip_box_top\"><span class=\"imagetitle\">Saturno. Telescopio Liverpool. Exp 1s. Filtro V+NDI_V 7\/06\/2020<\/span><span class=\"name\"><a href=\"https:\/\/outreach.iac.es\/peter\/autor\/?profile=sofia-gonzalez-blazquez\">sofia-gonzalez-blazquez<\/a><\/span><\/div>\r\n        <div class=\"ip_box_bottom\"><\/div>\r\n    <\/div><div class=\"ip_box ip_box_2237\">\r\n        <a href=\"https:\/\/outreach.iac.es\/peter\/wp-content\/uploads\/2021\/01\/Jupiter-planeta.jpg\" data-taxonomy=\"Im\u00e1genes Astron\u00f3micas\" data-src=\"https:\/\/outreach.iac.es\/peter\/wp-content\/uploads\/2021\/01\/Jupiter-planeta-250x250.jpg\" title=\"J\u00fapiter. Telescopio Liverpool. Exp 2.5s. Filtro V+NDIII 7\/06\/2020\" class=\"ip-anchor\"><img src=\"https:\/\/outreach.iac.es\/peter\/wp-content\/uploads\/2021\/01\/Jupiter-planeta-250x250.jpg\" alt=\"J\u00fapiter. Telescopio Liverpool. Exp 2.5s. Filtro V+NDIII 7\/06\/2020\"><\/a>\r\n        <div class=\"ip_box_top\"><span class=\"imagetitle\">J\u00fapiter. Telescopio Liverpool. Exp 2.5s. Filtro V+NDIII 7\/06\/2020<\/span><span class=\"name\"><a href=\"https:\/\/outreach.iac.es\/peter\/autor\/?profile=sofia-gonzalez-blazquez\">sofia-gonzalez-blazquez<\/a><\/span><\/div>\r\n        <div class=\"ip_box_bottom\"><\/div>\r\n    <\/div><div class=\"ip_box ip_box_2235\">\r\n        <a href=\"https:\/\/outreach.iac.es\/peter\/wp-content\/uploads\/2021\/01\/La-luna-Satelite.jpg\" data-taxonomy=\"Im\u00e1genes Astron\u00f3micas\" data-src=\"https:\/\/outreach.iac.es\/peter\/wp-content\/uploads\/2021\/01\/La-luna-Satelite-250x250.jpg\" title=\"La Luna. Telescopio Liverpool. Exp 3s. Filtro HA+NDIII 8\/06\/2020\" class=\"ip-anchor\"><img src=\"https:\/\/outreach.iac.es\/peter\/wp-content\/uploads\/2021\/01\/La-luna-Satelite-250x250.jpg\" alt=\"La Luna. Telescopio Liverpool. Exp 3s. Filtro HA+NDIII 8\/06\/2020\"><\/a>\r\n        <div class=\"ip_box_top\"><span class=\"imagetitle\">La Luna. Telescopio Liverpool. Exp 3s. Filtro HA+NDIII 8\/06\/2020<\/span><span class=\"name\"><a href=\"https:\/\/outreach.iac.es\/peter\/autor\/?profile=sofia-gonzalez-blazquez\">sofia-gonzalez-blazquez<\/a><\/span><\/div>\r\n        <div class=\"ip_box_bottom\"><\/div>\r\n    <\/div><div class=\"ip_box ip_box_1423\">\r\n        <a href=\"https:\/\/outreach.iac.es\/peter\/wp-content\/uploads\/2020\/04\/C2019Y4-average1.jpg\" data-taxonomy=\"Im\u00e1genes Astron\u00f3micas\" data-src=\"https:\/\/outreach.iac.es\/peter\/wp-content\/uploads\/2020\/04\/C2019Y4-average1-250x250.jpg\" title=\"Cometa C\/2019 Y4 ATLAS en falso color, LCO\" class=\"ip-anchor\"><img src=\"https:\/\/outreach.iac.es\/peter\/wp-content\/uploads\/2020\/04\/C2019Y4-average1-250x250.jpg\" alt=\"Cometa C\/2019 Y4 ATLAS en falso color, LCO\"><\/a>\r\n        <div class=\"ip_box_top\"><span class=\"imagetitle\">Cometa C\/2019 Y4 ATLAS en falso color, LCO<\/span><span class=\"name\"><a href=\"https:\/\/outreach.iac.es\/peter\/autor\/?profile=astrolab\">astrolab<\/a><\/span><\/div>\r\n        <div class=\"ip_box_bottom\"><\/div>\r\n    <\/div><div class=\"ip_box ip_box_1341\">\r\n        <a href=\"https:\/\/outreach.iac.es\/peter\/wp-content\/uploads\/2019\/09\/ngc7635_1_NSOwebsite.jpg\" data-taxonomy=\"Im\u00e1genes Astron\u00f3micas\" data-src=\"https:\/\/outreach.iac.es\/peter\/wp-content\/uploads\/2019\/09\/ngc7635_1_NSOwebsite-250x250.jpg\" title=\"NGC 7635. T. Liverpool, NSO\" class=\"ip-anchor\"><img src=\"https:\/\/outreach.iac.es\/peter\/wp-content\/uploads\/2019\/09\/ngc7635_1_NSOwebsite-250x250.jpg\" alt=\"NGC 7635. T. Liverpool, NSO\"><\/a>\r\n        <div class=\"ip_box_top\"><span class=\"imagetitle\">NGC 7635. T. Liverpool, NSO<\/span><span class=\"name\"><a href=\"https:\/\/outreach.iac.es\/peter\/autor\/?profile=nayra\">nayra<\/a><\/span><\/div>\r\n        <div class=\"ip_box_bottom\"><\/div>\r\n    <\/div><div class=\"ip_box ip_box_1339\">\r\n        <a href=\"https:\/\/outreach.iac.es\/peter\/wp-content\/uploads\/2019\/09\/waningCresent-mn070221_gamc_16bit_NSOwebsite.jpg\" data-taxonomy=\"Im\u00e1genes Astron\u00f3micas\" data-src=\"https:\/\/outreach.iac.es\/peter\/wp-content\/uploads\/2019\/09\/waningCresent-mn070221_gamc_16bit_NSOwebsite-250x250.jpg\" title=\"Luna menguante. T. Liverpool, NSO\" class=\"ip-anchor\"><img src=\"https:\/\/outreach.iac.es\/peter\/wp-content\/uploads\/2019\/09\/waningCresent-mn070221_gamc_16bit_NSOwebsite-250x250.jpg\" alt=\"Luna menguante. T. Liverpool, NSO\"><\/a>\r\n        <div class=\"ip_box_top\"><span class=\"imagetitle\">Luna menguante. T. Liverpool, NSO<\/span><span class=\"name\"><a href=\"https:\/\/outreach.iac.es\/peter\/autor\/?profile=nayra\">nayra<\/a><\/span><\/div>\r\n        <div class=\"ip_box_bottom\"><\/div>\r\n    <\/div><div class=\"ip_box ip_box_1335\">\r\n        <a href=\"https:\/\/outreach.iac.es\/peter\/wp-content\/uploads\/2019\/09\/M74-3x3x90seg-RGB-Liverpool-300916-Aleix-Roig.jpg\" data-taxonomy=\"Im\u00e1genes Astron\u00f3micas\" data-src=\"https:\/\/outreach.iac.es\/peter\/wp-content\/uploads\/2019\/09\/M74-3x3x90seg-RGB-Liverpool-300916-Aleix-Roig-250x250.jpg\" title=\"M74, BVR, T. Liverpool, Escola GEM &#8211; 30 septiembre 2016\" class=\"ip-anchor\"><img src=\"https:\/\/outreach.iac.es\/peter\/wp-content\/uploads\/2019\/09\/M74-3x3x90seg-RGB-Liverpool-300916-Aleix-Roig-250x250.jpg\" alt=\"M74, BVR, T. Liverpool, Escola GEM &#8211; 30 septiembre 2016\"><\/a>\r\n        <div class=\"ip_box_top\"><span class=\"imagetitle\">M74, BVR, T. Liverpool, Escola GEM &#8211; 30 septiembre 2016<\/span><span class=\"name\"><a href=\"https:\/\/outreach.iac.es\/peter\/autor\/?profile=nayra\">nayra<\/a><\/span><\/div>\r\n        <div class=\"ip_box_bottom\"><\/div>\r\n    <\/div><div class=\"ip_box ip_box_1337\">\r\n        <a href=\"https:\/\/outreach.iac.es\/peter\/wp-content\/uploads\/2019\/09\/h_e_20150317_5_2_1_1-OK.jpg\" data-taxonomy=\"Im\u00e1genes Astron\u00f3micas\" data-src=\"https:\/\/outreach.iac.es\/peter\/wp-content\/uploads\/2019\/09\/h_e_20150317_5_2_1_1-OK-250x250.jpg\" title=\"J\u00fapiter y sus lunas. T. Liverpool, 17 marzo 2015\" class=\"ip-anchor\"><img src=\"https:\/\/outreach.iac.es\/peter\/wp-content\/uploads\/2019\/09\/h_e_20150317_5_2_1_1-OK-250x250.jpg\" alt=\"J\u00fapiter y sus lunas. T. Liverpool, 17 marzo 2015\"><\/a>\r\n        <div class=\"ip_box_top\"><span class=\"imagetitle\">J\u00fapiter y sus lunas. T. Liverpool, 17 marzo 2015<\/span><span class=\"name\"><a href=\"https:\/\/outreach.iac.es\/peter\/autor\/?profile=nayra\">nayra<\/a><\/span><\/div>\r\n        <div class=\"ip_box_bottom\"><\/div>\r\n    <\/div><div class=\"ip_box ip_box_1249\">\r\n        <a href=\"https:\/\/outreach.iac.es\/peter\/wp-content\/uploads\/2019\/08\/NGC7331_16561C000_20190730-1.jpg\" data-taxonomy=\"Im\u00e1genes Astron\u00f3micas\" data-src=\"https:\/\/outreach.iac.es\/peter\/wp-content\/uploads\/2019\/08\/NGC7331_16561C000_20190730-1-250x250.jpg\" title=\"NGC7331 T. Liverpool &#8211; 30 julio 2019\" class=\"ip-anchor\"><img src=\"https:\/\/outreach.iac.es\/peter\/wp-content\/uploads\/2019\/08\/NGC7331_16561C000_20190730-1-250x250.jpg\" alt=\"NGC7331 T. Liverpool &#8211; 30 julio 2019\"><\/a>\r\n        <div class=\"ip_box_top\"><span class=\"imagetitle\">NGC7331 T. Liverpool &#8211; 30 julio 2019<\/span><span class=\"name\"><a href=\"https:\/\/outreach.iac.es\/peter\/autor\/?profile=iacobs001p\">iacobs001p<\/a><\/span><\/div>\r\n        <div class=\"ip_box_bottom\"><\/div>\r\n    <\/div><\/div><div class=\"ip-clear\"><\/div><\/span><\/p>\n\n\n<p><\/p>\n","protected":false},"excerpt":{"rendered":"<p>Puedes subir tus im\u00e1genes obtenidas con los telescopios de PETeR aqu\u00ed.<\/p>\n","protected":false},"author":1,"featured_media":0,"parent":0,"menu_order":0,"comment_status":"closed","ping_status":"closed","template":"","meta":[],"_links":{"self":[{"href":"https:\/\/outreach.iac.es\/peter\/wp-json\/wp\/v2\/pages\/1071"}],"collection":[{"href":"https:\/\/outreach.iac.es\/peter\/wp-json\/wp\/v2\/pages"}],"about":[{"href":"https:\/\/outreach.iac.es\/peter\/wp-json\/wp\/v2\/types\/page"}],"author":[{"embeddable":true,"href":"https:\/\/outreach.iac.es\/peter\/wp-json\/wp\/v2\/users\/1"}],"replies":[{"embeddable":true,"href":"https:\/\/outreach.iac.es\/peter\/wp-json\/wp\/v2\/comments?post=1071"}],"version-history":[{"count":15,"href":"https:\/\/outreach.iac.es\/peter\/wp-json\/wp\/v2\/pages\/1071\/revisions"}],"predecessor-version":[{"id":2376,"href":"https:\/\/outreach.iac.es\/peter\/wp-json\/wp\/v2\/pages\/1071\/revisions\/2376"}],"wp:attachment":[{"href":"https:\/\/outreach.iac.es\/peter\/wp-json\/wp\/v2\/media?parent=1071"}],"curies":[{"name":"wp","href":"https:\/\/api.w.org\/{rel}","templated":true}]}}