{"id":803,"date":"2020-09-22T15:54:47","date_gmt":"2020-09-22T15:54:47","guid":{"rendered":"https:\/\/outreach.iac.es\/cosmolab\/?page_id=803"},"modified":"2023-09-22T13:10:16","modified_gmt":"2023-09-22T13:10:16","slug":"montaje-y-uso-de-telescopios","status":"publish","type":"page","link":"https:\/\/outreach.iac.es\/cosmolab\/montaje-y-uso-de-telescopios\/","title":{"rendered":"Montaje de telescopios"},"content":{"rendered":"<p>[et_pb_section fb_built=\u00bb1&#8243; _builder_version=\u00bb4.6.1&#8243; _module_preset=\u00bbdefault\u00bb background_image=\u00bbhttps:\/\/outreach.iac.es\/cosmolab\/wp-content\/uploads\/2020\/09\/parallax-cabecera.jpg\u00bb parallax=\u00bbon\u00bb locked=\u00bboff\u00bb][et_pb_row _builder_version=\u00bb4.6.1&#8243; _module_preset=\u00bbdefault\u00bb][et_pb_column type=\u00bb4_4&#8243; _builder_version=\u00bb4.6.1&#8243; _module_preset=\u00bbdefault\u00bb][et_pb_text _builder_version=\u00bb4.6.1&#8243; _module_preset=\u00bbdefault\u00bb text_font=\u00bb||||||||\u00bb text_text_color=\u00bb#b8ecfb\u00bb text_font_size=\u00bb26px\u00bb hover_enabled=\u00bb0&#8243; locked=\u00bboff\u00bb sticky_enabled=\u00bb0&#8243;]<\/p>\n<p style=\"text-align: center;\"><strong>MONTAJE Y USO DE TELESCOPIOS: DESCUBRE EL UNIVERSO<br \/> <\/strong><\/p>\n<p>[\/et_pb_text][\/et_pb_column][\/et_pb_row][\/et_pb_section][et_pb_section fb_built=\u00bb1&#8243; admin_label=\u00bbFeatured Services Section\u00bb _builder_version=\u00bb4.6.1&#8243; use_background_color_gradient=\u00bbon\u00bb background_color_gradient_start=\u00bb#e3f5fd\u00bb background_color_gradient_end=\u00bb#fcf2ea\u00bb custom_padding=\u00bb35px|0px|45px|0px||\u00bb locked=\u00bboff\u00bb][et_pb_row _builder_version=\u00bb4.6.1&#8243; custom_padding=\u00bb||4px|||\u00bb animation_style=\u00bbslide\u00bb animation_direction=\u00bbbottom\u00bb animation_intensity_slide=\u00bb25%\u00bb locked=\u00bboff\u00bb][et_pb_column type=\u00bb4_4&#8243; _builder_version=\u00bb3.25&#8243; custom_padding=\u00bb|||\u00bb custom_padding__hover=\u00bb|||\u00bb][et_pb_text _builder_version=\u00bb4.6.1&#8243; _module_preset=\u00bbdefault\u00bb text_font=\u00bbRaleway||||||||\u00bb text_text_color=\u00bb#000000&#8243; text_font_size=\u00bb26px\u00bb hover_enabled=\u00bb0&#8243; locked=\u00bboff\u00bb sticky_enabled=\u00bb0&#8243;]<\/p>\n<p style=\"text-align: center;\">Haz del telescopio tu nuevo gran amigo<\/p>\n<p>[\/et_pb_text][et_pb_divider color=\u00bb#0884d1&#8243; divider_weight=\u00bb4px\u00bb _builder_version=\u00bb4.6.1&#8243; _module_preset=\u00bbdefault\u00bb width=\u00bb100px\u00bb module_alignment=\u00bbcenter\u00bb custom_margin=\u00bb||-2px|||\u00bb locked=\u00bboff\u00bb][\/et_pb_divider][\/et_pb_column][\/et_pb_row][et_pb_row column_structure=\u00bb1_2,1_2&#8243; _builder_version=\u00bb4.6.1&#8243; custom_padding=\u00bb|||\u00bb animation_style=\u00bbslide\u00bb animation_direction=\u00bbbottom\u00bb animation_intensity_slide=\u00bb25%\u00bb locked=\u00bboff\u00bb][et_pb_column type=\u00bb1_2&#8243; _builder_version=\u00bb3.25&#8243; custom_padding=\u00bb|||\u00bb custom_padding__hover=\u00bb|||\u00bb][et_pb_text _builder_version=\u00bb4.6.1&#8243; text_line_height=\u00bb2em\u00bb custom_padding=\u00bb1px||1px|||\u00bb animation_style=\u00bbfold\u00bb animation_direction=\u00bbleft\u00bb animation_intensity_fold=\u00bb5%\u00bb animation_starting_opacity=\u00bb100%\u00bb hover_enabled=\u00bb0&#8243; locked=\u00bboff\u00bb sticky_enabled=\u00bb0&#8243;]<\/p>\n<p>El curso\u00a0CosmoLAB\u00a0\u00ab<strong>Montaje y uso de telescopios: descubre el Universo<\/strong>\u00bb est\u00e1 especialmente dise\u00f1ado para aquellos docentes que quieran integrar la pr\u00e1ctica astron\u00f3mica en sus clases, usando la Astronom\u00eda y el propio telescopio como un laboratorio en el aula.<\/p>\n<p>Consiste en <strong>dos sesiones complementarias<\/strong>, la primera de 3 horas en uno de los Centro de Profesores de Tenerife y la segunda de 7 horas en el <strong>Observatorio del Teide<\/strong>.<\/p>\n<p>Este curso tiene car\u00e1cter pr\u00e1ctico y pretende preparar al docente para que pueda conducir una observaci\u00f3n astron\u00f3mica con sus estudiantes.<\/p>\n<p>Los Centro de Profesores de Tenerife son los encargados de convocar estos ciclos formativos, que se repetir\u00e1n al menos dos veces por curso escolar en cada CEP durante los pr\u00f3ximos 4 a\u00f1os.<\/p>\n<p><strong>Para poder pedir prestados los telescopios, tanto solar como nocturno, se necesita<\/strong> haber participado de este curso pr\u00e1ctico de montaje y uso. Si ya has realizado el curso puedes acceder al material complementario en la secci\u00f3n <a href=\"https:\/\/outreach.iac.es\/cosmolab\/observando-el-sistema-solar\/\">Recursos educativos<\/a>.<\/p>\n<p>[\/et_pb_text][\/et_pb_column][et_pb_column type=\u00bb1_2&#8243; _builder_version=\u00bb3.25&#8243; custom_padding=\u00bb|||\u00bb custom_padding__hover=\u00bb|||\u00bb][et_pb_image src=\u00bbhttps:\/\/outreach.iac.es\/cosmolab\/wp-content\/uploads\/2020\/09\/montaje-telescopios-01.jpg\u00bb title_text=\u00bbmontaje-telescopios-01&#8243; _builder_version=\u00bb4.6.1&#8243; _module_preset=\u00bbdefault\u00bb locked=\u00bboff\u00bb][\/et_pb_image][et_pb_text _builder_version=\u00bb4.6.1&#8243; _module_preset=\u00bbdefault\u00bb text_font_size=\u00bb13px\u00bb custom_margin=\u00bb-15px|||||\u00bb locked=\u00bboff\u00bb]<\/p>\n<p><em>Curso de montaje y uso de telescopios en el CEP de la Laguna.<\/em><\/p>\n<p>[\/et_pb_text][\/et_pb_column][\/et_pb_row][et_pb_row _builder_version=\u00bb4.6.1&#8243; custom_padding=\u00bb0px|||||\u00bb animation_style=\u00bbslide\u00bb animation_direction=\u00bbbottom\u00bb animation_intensity_slide=\u00bb25%\u00bb locked=\u00bboff\u00bb][et_pb_column type=\u00bb4_4&#8243; _builder_version=\u00bb3.25&#8243; custom_padding=\u00bb|||\u00bb custom_padding__hover=\u00bb|||\u00bb][et_pb_image src=\u00bbhttps:\/\/outreach.iac.es\/cosmolab\/wp-content\/uploads\/2020\/09\/montaje-telescopios-02.jpg\u00bb title_text=\u00bbfilosofia-03&#8243; _builder_version=\u00bb4.6.1&#8243; _module_preset=\u00bbdefault\u00bb locked=\u00bboff\u00bb][\/et_pb_image][et_pb_text _builder_version=\u00bb4.6.1&#8243; _module_preset=\u00bbdefault\u00bb text_font_size=\u00bb13px\u00bb custom_margin=\u00bb-25px|||||\u00bb locked=\u00bboff\u00bb]<\/p>\n<p><em>Profesores en el curso de montaje y uso de telescopios en el Observatorio del Teide. Cr\u00e9dito: Daniel L\u00f3pez.<\/em><\/p>\n<p>[\/et_pb_text][\/et_pb_column][\/et_pb_row][\/et_pb_section]<\/p>\n","protected":false},"excerpt":{"rendered":"<p>MONTAJE Y USO DE TELESCOPIOS: DESCUBRE EL UNIVERSO Haz del telescopio tu nuevo gran amigo El curso\u00a0CosmoLAB\u00a0\u00abMontaje y uso de telescopios: descubre el Universo\u00bb est\u00e1 especialmente dise\u00f1ado para aquellos docentes que quieran integrar la pr\u00e1ctica astron\u00f3mica en sus clases, usando la Astronom\u00eda y el propio telescopio como un laboratorio en el aula. Consiste en dos [&hellip;]<\/p>\n","protected":false},"author":1,"featured_media":0,"parent":0,"menu_order":0,"comment_status":"closed","ping_status":"closed","template":"","meta":{"_et_pb_use_builder":"on","_et_pb_old_content":"","_et_gb_content_width":"","footnotes":""},"_links":{"self":[{"href":"https:\/\/outreach.iac.es\/cosmolab\/wp-json\/wp\/v2\/pages\/803"}],"collection":[{"href":"https:\/\/outreach.iac.es\/cosmolab\/wp-json\/wp\/v2\/pages"}],"about":[{"href":"https:\/\/outreach.iac.es\/cosmolab\/wp-json\/wp\/v2\/types\/page"}],"author":[{"embeddable":true,"href":"https:\/\/outreach.iac.es\/cosmolab\/wp-json\/wp\/v2\/users\/1"}],"replies":[{"embeddable":true,"href":"https:\/\/outreach.iac.es\/cosmolab\/wp-json\/wp\/v2\/comments?post=803"}],"version-history":[{"count":11,"href":"https:\/\/outreach.iac.es\/cosmolab\/wp-json\/wp\/v2\/pages\/803\/revisions"}],"predecessor-version":[{"id":2058,"href":"https:\/\/outreach.iac.es\/cosmolab\/wp-json\/wp\/v2\/pages\/803\/revisions\/2058"}],"wp:attachment":[{"href":"https:\/\/outreach.iac.es\/cosmolab\/wp-json\/wp\/v2\/media?parent=803"}],"curies":[{"name":"wp","href":"https:\/\/api.w.org\/{rel}","templated":true}]}}